{"id":302,"date":"2019-02-12T19:08:00","date_gmt":"2019-02-12T17:08:00","guid":{"rendered":"http:\/\/aania.fi\/records\/ilona-korhonen-ensemble-tarkka-paa-tania-mieli-aania-9\/"},"modified":"2019-02-12T19:09:19","modified_gmt":"2019-02-12T17:09:19","slug":"ilona-korhonen-ensemble-tarkka-paa-tania-mieli-aania-9","status":"publish","type":"product","link":"http:\/\/aania.fi\/fi\/levyt\/ilona-korhonen-ensemble-tarkka-paa-tania-mieli-aania-9\/","title":{"rendered":"ILONA KORHONEN ENSEMBLE \u2013 TARKKA P\u00c4\u00c4, TANIA MIELI AANIA-9"},"content":{"rendered":"<p>Muusikko (MuM) Ilona Korhosen seitsem\u00e4lletoista nais\u00e4\u00e4nelle s\u00e4velt\u00e4m\u00e4 &#8221;Tarkka p\u00e4\u00e4, tania mieli&#8221; kansanlaulukuoroteos perustuu kautta aikain kuuluisimman inkeril\u00e4isen runolaulajan Larin Parasken teksteihin. Teos k\u00e4sittelee ihmisen erilaisia velvoitteita, tarpeita ja m\u00e4\u00e4ritteit\u00e4 sosiaalisissa yhteis\u00f6iss\u00e4. &#8221;Tarkka p\u00e4\u00e4, tania mieli&#8221; on osa Ilona Korhosen taiteellista tohtorintutkintoa Sibelius-Akatemian kansanmusiikin osastolla.<\/p>\n<p>Teoksen esitt\u00e4\u00e4 17-henkinen Ilona Korhonen Ensemble. Esiintyj\u00e4t ovat Sibelius-Akatemian kansanmusiikin osaston maistereita ja pitk\u00e4lle ehtineit\u00e4 opiskelijoita, lis\u00e4ksi mukana on muutamia opiskelijoita Kokkolan ja Joensuun ammattikorkeakoulujen kansanmusiikkilinjoilta. Siksi t\u00e4m\u00e4 on erityist\u00e4, ett\u00e4 Suomessa ei ole t\u00e4m\u00e4nkaltaista ammattikansanlaulajien kuoroa kuunaan n\u00e4hty!<\/p>\n<p>Ilona Korhonen Ensemble on:<\/p>\n<p>Riikka Ahokas, Hanni Autere, Helmi Camus, Anna F\u00e4lt, Heidi Haapoja, Lotta Hagfors, Maija Kauhanen, Anna E. Karvonen, Amanda Kauranne, Ilona Korhonen, Emmi Kuittinen, Pia Rask, Juulia Salonen, Ulla Silvennoinen, Anni Tolvanen, Nora Vaura ja Emilia Kallonen.<\/p>\n<p>Tarkka p\u00e4\u00e4, tania mieli<br \/>\n1. Intro<\/p>\n<p>2. Laulasihan<\/p>\n<p>3. Kanteleen synty<\/p>\n<p>4. Lauloin ennen<\/p>\n<p>5. Kuka luuli<\/p>\n<p>6. En itke<\/p>\n<p>7. M\u00e4nin merel<\/p>\n<p>8. Passipo<\/p>\n<p>\u00c4\u00e4nitys, miksaus, masterointi: Taito Hoffr\u00e9n<br \/>\nGraafinen suunnittelu: Tero Vesterinen<br \/>\nValokuvat: Antti-Jussi Savolainen (kuoro), Ilona Korhonen (laulajat), Sami Repo (Ilona)<br \/>\nK\u00e4\u00e4nn\u00f6kset: Girilal Baars &amp; Pekko K\u00e4ppi<\/p>\n<p>c &amp; p KANTELEEN \u00c4\u00c4NI\u00c4 2009<br \/>\nISRC FI7KA0900008\u201415<br \/>\nEAN: 64 3002409 0123<\/p>\n","protected":false},"excerpt":{"rendered":"<p>Muusikko (MuM) Ilona Korhosen seitsem\u00e4lletoista nais\u00e4\u00e4nelle s\u00e4velt\u00e4m\u00e4 &#8221;Tarkka p\u00e4\u00e4, tania mieli&#8221; kansanlaulukuoroteos perustuu kautta aikain kuuluisimman inkeril\u00e4isen runolaulajan Larin Parasken teksteihin. Teos k\u00e4sittelee ihmisen erilaisia velvoitteita, tarpeita ja m\u00e4\u00e4ritteit\u00e4 sosiaalisissa yhteis\u00f6iss\u00e4. &#8221;Tarkka p\u00e4\u00e4, tania mieli&#8221; on osa Ilona Korhosen taiteellista tohtorintutkintoa Sibelius-Akatemian kansanmusiikin osastolla. Teoksen esitt\u00e4\u00e4 17-henkinen Ilona Korhonen Ensemble. Esiintyj\u00e4t ovat Sibelius-Akatemian kansanmusiikin osaston [&hellip;]\n","protected":false},"featured_media":301,"comment_status":"open","ping_status":"closed","template":"","meta":[],"class_list":["post-302","product","type-product","status-publish","has-post-thumbnail","hentry","product_cat-ilona-korhonen-fi"],"yoast_head":"<!-- This site is optimized with the Yoast SEO plugin v15.3 - https:\/\/yoast.com\/wordpress\/plugins\/seo\/ -->\n<title>ILONA KORHONEN ENSEMBLE \u2013 TARKKA P\u00c4\u00c4, TANIA MIELI AANIA-9 - \u00c4\u00e4nia<\/title>\n<meta name=\"robots\" content=\"index, follow, max-snippet:-1, max-image-preview:large, max-video-preview:-1\" \/>\n<link rel=\"canonical\" href=\"http:\/\/aania.fi\/fi\/levyt\/ilona-korhonen-ensemble-tarkka-paa-tania-mieli-aania-9\/\" \/>\n<meta property=\"og:locale\" content=\"fi_FI\" \/>\n<meta property=\"og:type\" content=\"article\" \/>\n<meta property=\"og:title\" content=\"ILONA KORHONEN ENSEMBLE \u2013 TARKKA P\u00c4\u00c4, TANIA MIELI AANIA-9 - \u00c4\u00e4nia\" \/>\n<meta property=\"og:description\" content=\"Muusikko (MuM) Ilona Korhosen seitsem\u00e4lletoista nais\u00e4\u00e4nelle s\u00e4velt\u00e4m\u00e4 &#8221;Tarkka p\u00e4\u00e4, tania mieli&#8221; kansanlaulukuoroteos perustuu kautta aikain kuuluisimman inkeril\u00e4isen runolaulajan Larin Parasken teksteihin. Teos k\u00e4sittelee ihmisen erilaisia velvoitteita, tarpeita ja m\u00e4\u00e4ritteit\u00e4 sosiaalisissa yhteis\u00f6iss\u00e4. &#8221;Tarkka p\u00e4\u00e4, tania mieli&#8221; on osa Ilona Korhosen taiteellista tohtorintutkintoa Sibelius-Akatemian kansanmusiikin osastolla. Teoksen esitt\u00e4\u00e4 17-henkinen Ilona Korhonen Ensemble. Esiintyj\u00e4t ovat Sibelius-Akatemian kansanmusiikin osaston [&hellip;]\" \/>\n<meta property=\"og:url\" content=\"http:\/\/aania.fi\/fi\/levyt\/ilona-korhonen-ensemble-tarkka-paa-tania-mieli-aania-9\/\" \/>\n<meta property=\"og:site_name\" content=\"\u00c4\u00e4nia\" \/>\n<meta property=\"article:modified_time\" content=\"2019-02-12T17:09:19+00:00\" \/>\n<meta property=\"og:image\" content=\"http:\/\/aania.fi\/wp-content\/uploads\/2019\/02\/ILONAKORHONENENSEMBLE_ISO.jpg\" \/>\n\t<meta property=\"og:image:width\" content=\"450\" \/>\n\t<meta property=\"og:image:height\" content=\"405\" \/>\n<meta name=\"twitter:card\" content=\"summary_large_image\" \/>\n<meta name=\"twitter:label1\" content=\"Written by\">\n\t<meta name=\"twitter:data1\" content=\"taito\">\n\t<meta name=\"twitter:label2\" content=\"Est. reading time\">\n\t<meta name=\"twitter:data2\" content=\"1 minuutti\">\n<script type=\"application\/ld+json\" class=\"yoast-schema-graph\">{\"@context\":\"https:\/\/schema.org\",\"@graph\":[{\"@type\":\"Organization\",\"@id\":\"http:\/\/aania.fi\/fi\/#organization\",\"name\":\"\\u00c4\\u00e4ni\\u00e4 Records\",\"url\":\"http:\/\/aania.fi\/fi\/\",\"sameAs\":[],\"logo\":{\"@type\":\"ImageObject\",\"@id\":\"http:\/\/aania.fi\/fi\/#logo\",\"inLanguage\":\"fi\",\"url\":\"http:\/\/aania.fi\/wp-content\/uploads\/2018\/07\/aania_logo.jpg\",\"width\":530,\"height\":155,\"caption\":\"\\u00c4\\u00e4ni\\u00e4 Records\"},\"image\":{\"@id\":\"http:\/\/aania.fi\/fi\/#logo\"}},{\"@type\":\"WebSite\",\"@id\":\"http:\/\/aania.fi\/fi\/#website\",\"url\":\"http:\/\/aania.fi\/fi\/\",\"name\":\"\\u00c4\\u00e4nia\",\"description\":\"\\u00c4\\u00e4ni\\u00e4 Records - Acoustic Music from Finland\",\"publisher\":{\"@id\":\"http:\/\/aania.fi\/fi\/#organization\"},\"potentialAction\":[{\"@type\":\"SearchAction\",\"target\":\"http:\/\/aania.fi\/fi\/?s={search_term_string}\",\"query-input\":\"required name=search_term_string\"}],\"inLanguage\":\"fi\"},{\"@type\":\"ImageObject\",\"@id\":\"http:\/\/aania.fi\/fi\/levyt\/ilona-korhonen-ensemble-tarkka-paa-tania-mieli-aania-9\/#primaryimage\",\"inLanguage\":\"fi\",\"url\":\"http:\/\/aania.fi\/wp-content\/uploads\/2019\/02\/ILONAKORHONENENSEMBLE_ISO.jpg\",\"width\":450,\"height\":405},{\"@type\":\"WebPage\",\"@id\":\"http:\/\/aania.fi\/fi\/levyt\/ilona-korhonen-ensemble-tarkka-paa-tania-mieli-aania-9\/#webpage\",\"url\":\"http:\/\/aania.fi\/fi\/levyt\/ilona-korhonen-ensemble-tarkka-paa-tania-mieli-aania-9\/\",\"name\":\"ILONA KORHONEN ENSEMBLE \\u2013 TARKKA P\\u00c4\\u00c4, TANIA MIELI AANIA-9 - \\u00c4\\u00e4nia\",\"isPartOf\":{\"@id\":\"http:\/\/aania.fi\/fi\/#website\"},\"primaryImageOfPage\":{\"@id\":\"http:\/\/aania.fi\/fi\/levyt\/ilona-korhonen-ensemble-tarkka-paa-tania-mieli-aania-9\/#primaryimage\"},\"datePublished\":\"2019-02-12T17:08:00+00:00\",\"dateModified\":\"2019-02-12T17:09:19+00:00\",\"inLanguage\":\"fi\",\"potentialAction\":[{\"@type\":\"ReadAction\",\"target\":[\"http:\/\/aania.fi\/fi\/levyt\/ilona-korhonen-ensemble-tarkka-paa-tania-mieli-aania-9\/\"]}]}]}<\/script>\n<!-- \/ Yoast SEO plugin. -->","_links":{"self":[{"href":"http:\/\/aania.fi\/fi\/wp-json\/wp\/v2\/product\/302","targetHints":{"allow":["GET"]}}],"collection":[{"href":"http:\/\/aania.fi\/fi\/wp-json\/wp\/v2\/product"}],"about":[{"href":"http:\/\/aania.fi\/fi\/wp-json\/wp\/v2\/types\/product"}],"replies":[{"embeddable":true,"href":"http:\/\/aania.fi\/fi\/wp-json\/wp\/v2\/comments?post=302"}],"wp:featuredmedia":[{"embeddable":true,"href":"http:\/\/aania.fi\/fi\/wp-json\/wp\/v2\/media\/301"}],"wp:attachment":[{"href":"http:\/\/aania.fi\/fi\/wp-json\/wp\/v2\/media?parent=302"}],"curies":[{"name":"wp","href":"https:\/\/api.w.org\/{rel}","templated":true}]}}

ILONA KORHONEN ENSEMBLE – TARKKA PÄÄ, TANIA MIELI AANIA-9

<p>Muusikko (MuM) Ilona Korhosen seitsemälletoista naisäänelle säveltämä &#8221;Tarkka pää, tania mieli&#8221; kansanlaulukuoroteos perustuu kautta aikain kuuluisimman inkeriläisen runolaulajan Larin Parasken teksteihin. Teos käsittelee ihmisen erilaisia velvoitteita, tarpeita ja määritteitä sosiaalisissa yhteisöissä. &#8221;Tarkka pää, tania mieli&#8221; on osa Ilona Korhosen taiteellista tohtorintutkintoa Sibelius-Akatemian kansanmusiikin osastolla.</p>
<p>Teoksen esittää 17-henkinen Ilona Korhonen Ensemble. Esiintyjät ovat Sibelius-Akatemian kansanmusiikin osaston maistereita ja pitkälle ehtineitä opiskelijoita, lisäksi mukana on muutamia opiskelijoita Kokkolan ja Joensuun ammattikorkeakoulujen kansanmusiikkilinjoilta. Siksi tämä on erityistä, että Suomessa ei ole tämänkaltaista ammattikansanlaulajien kuoroa kuunaan nähty!</p>
<p>Ilona Korhonen Ensemble on:</p>
<p>Riikka Ahokas, Hanni Autere, Helmi Camus, Anna Fält, Heidi Haapoja, Lotta Hagfors, Maija Kauhanen, Anna E. Karvonen, Amanda Kauranne, Ilona Korhonen, Emmi Kuittinen, Pia Rask, Juulia Salonen, Ulla Silvennoinen, Anni Tolvanen, Nora Vaura ja Emilia Kallonen.</p>
<p>Tarkka pää, tania mieli<br />
1. Intro</p>
<p>2. Laulasihan</p>
<p>3. Kanteleen synty</p>
<p>4. Lauloin ennen</p>
<p>5. Kuka luuli</p>
<p>6. En itke</p>
<p>7. Mänin merel</p>
<p>8. Passipo</p>
<p>Äänitys, miksaus, masterointi: Taito Hoffrén<br />
Graafinen suunnittelu: Tero Vesterinen<br />
Valokuvat: Antti-Jussi Savolainen (kuoro), Ilona Korhonen (laulajat), Sami Repo (Ilona)<br />
Käännökset: Girilal Baars &amp; Pekko Käppi</p>
<p>c &amp; p KANTELEEN ÄÄNIÄ 2009<br />
ISRC FI7KA0900008—15<br />
EAN: 64 3002409 0123</p>

<p>Muusikko (MuM) Ilona Korhosen seitsemälletoista naisäänelle säveltämä &#8221;Tarkka pää, tania mieli&#8221; kansanlaulukuoroteos perustuu kautta aikain kuuluisimman inkeriläisen runolaulajan Larin Parasken teksteihin. Teos käsittelee ihmisen erilaisia velvoitteita, tarpeita ja määritteitä sosiaalisissa yhteisöissä. &#8221;Tarkka pää, tania mieli&#8221; on osa Ilona Korhosen taiteellista tohtorintutkintoa Sibelius-Akatemian kansanmusiikin osastolla. Teoksen esittää 17-henkinen Ilona Korhonen Ensemble. Esiintyjät ovat Sibelius-Akatemian kansanmusiikin osaston [&hellip;]

<!-- This site is optimized with the Yoast SEO plugin v15.3 - https://yoast.com/wordpress/plugins/seo/ -->
<title>ILONA KORHONEN ENSEMBLE – TARKKA PÄÄ, TANIA MIELI AANIA-9 - Äänia</title>
<meta name="robots" content="index, follow, max-snippet:-1, max-image-preview:large, max-video-preview:-1" />
<link rel="canonical" href="http://aania.fi/fi/levyt/ilona-korhonen-ensemble-tarkka-paa-tania-mieli-aania-9/" />
<meta property="og:locale" content="fi_FI" />
<meta property="og:type" content="article" />
<meta property="og:title" content="ILONA KORHONEN ENSEMBLE – TARKKA PÄÄ, TANIA MIELI AANIA-9 - Äänia" />
<meta property="og:description" content="Muusikko (MuM) Ilona Korhosen seitsemälletoista naisäänelle säveltämä &#8221;Tarkka pää, tania mieli&#8221; kansanlaulukuoroteos perustuu kautta aikain kuuluisimman inkeriläisen runolaulajan Larin Parasken teksteihin. Teos käsittelee ihmisen erilaisia velvoitteita, tarpeita ja määritteitä sosiaalisissa yhteisöissä. &#8221;Tarkka pää, tania mieli&#8221; on osa Ilona Korhosen taiteellista tohtorintutkintoa Sibelius-Akatemian kansanmusiikin osastolla. Teoksen esittää 17-henkinen Ilona Korhonen Ensemble. Esiintyjät ovat Sibelius-Akatemian kansanmusiikin osaston [&hellip;]" />
<meta property="og:url" content="http://aania.fi/fi/levyt/ilona-korhonen-ensemble-tarkka-paa-tania-mieli-aania-9/" />
<meta property="og:site_name" content="Äänia" />
<meta property="article:modified_time" content="2019-02-12T17:09:19+00:00" />
<meta property="og:image" content="http://aania.fi/wp-content/uploads/2019/02/ILONAKORHONENENSEMBLE_ISO.jpg" />
	<meta property="og:image:width" content="450" />
	<meta property="og:image:height" content="405" />
<meta name="twitter:card" content="summary_large_image" />
<meta name="twitter:label1" content="Written by">
	<meta name="twitter:data1" content="taito">
	<meta name="twitter:label2" content="Est. reading time">
	<meta name="twitter:data2" content="1 minuutti">
<script type="application/ld+json" class="yoast-schema-graph">{"@context":"https://schema.org","@graph":[{"@type":"Organization","@id":"http://aania.fi/fi/#organization","name":"\u00c4\u00e4ni\u00e4 Records","url":"http://aania.fi/fi/","sameAs":[],"logo":{"@type":"ImageObject","@id":"http://aania.fi/fi/#logo","inLanguage":"fi","url":"http://aania.fi/wp-content/uploads/2018/07/aania_logo.jpg","width":530,"height":155,"caption":"\u00c4\u00e4ni\u00e4 Records"},"image":{"@id":"http://aania.fi/fi/#logo"}},{"@type":"WebSite","@id":"http://aania.fi/fi/#website","url":"http://aania.fi/fi/","name":"\u00c4\u00e4nia","description":"\u00c4\u00e4ni\u00e4 Records - Acoustic Music from Finland","publisher":{"@id":"http://aania.fi/fi/#organization"},"potentialAction":[{"@type":"SearchAction","target":"http://aania.fi/fi/?s={search_term_string}","query-input":"required name=search_term_string"}],"inLanguage":"fi"},{"@type":"ImageObject","@id":"http://aania.fi/fi/levyt/ilona-korhonen-ensemble-tarkka-paa-tania-mieli-aania-9/#primaryimage","inLanguage":"fi","url":"http://aania.fi/wp-content/uploads/2019/02/ILONAKORHONENENSEMBLE_ISO.jpg","width":450,"height":405},{"@type":"WebPage","@id":"http://aania.fi/fi/levyt/ilona-korhonen-ensemble-tarkka-paa-tania-mieli-aania-9/#webpage","url":"http://aania.fi/fi/levyt/ilona-korhonen-ensemble-tarkka-paa-tania-mieli-aania-9/","name":"ILONA KORHONEN ENSEMBLE \u2013 TARKKA P\u00c4\u00c4, TANIA MIELI AANIA-9 - \u00c4\u00e4nia","isPartOf":{"@id":"http://aania.fi/fi/#website"},"primaryImageOfPage":{"@id":"http://aania.fi/fi/levyt/ilona-korhonen-ensemble-tarkka-paa-tania-mieli-aania-9/#primaryimage"},"datePublished":"2019-02-12T17:08:00+00:00","dateModified":"2019-02-12T17:09:19+00:00","inLanguage":"fi","potentialAction":[{"@type":"ReadAction","target":["http://aania.fi/fi/levyt/ilona-korhonen-ensemble-tarkka-paa-tania-mieli-aania-9/"]}]}]}</script>
<!-- / Yoast SEO plugin. -->
