{"id":337,"date":"2019-02-13T02:29:06","date_gmt":"2019-02-13T00:29:06","guid":{"rendered":"http:\/\/aania.fi\/records\/von-af-sama-setti-jo-kaksikymmenta-vuotta-aania-28\/"},"modified":"2019-02-13T02:30:45","modified_gmt":"2019-02-13T00:30:45","slug":"von-af-sama-setti-jo-kaksikymmenta-vuotta-aania-28","status":"publish","type":"product","link":"http:\/\/aania.fi\/fi\/levyt\/von-af-sama-setti-jo-kaksikymmenta-vuotta-aania-28\/","title":{"rendered":"Von &#038; Af -Sama setti jo kaksikymment\u00e4 vuotta AANIA-28"},"content":{"rendered":"<p>Von &amp; Af \u2013 sama setti jo kaksikymment\u00e4 vuotta!<\/p>\n<p>J\u00e4rk\u00e4ht\u00e4m\u00e4tt\u00f6m\u00e4n muukalainen kulttuurikahtue. Kahden miehen v\u00e4h\u00e4puheinen musiikkiorkesteri. Kansainv\u00e4list\u00e4 paikallismusiikkia yhdell\u00e4 iskulla. Viihteellist\u00e4 ja vakavaa. Vieriv\u00e4 kivi alam\u00e4ess\u00e4.<\/p>\n<p>Kun Von &amp; Af -yhtyeen ensiesiintymisest\u00e4 Semifinalissa Helsingiss\u00e4 tuli kuluneeksi kaksikymment\u00e4 vuotta vuonna 2017 oli aika julkaista ensilevy nimelt\u00e4\u00e4n Sama setti jo kaksikymment\u00e4 vuotta. Taito Hoffr\u00e9nin ja Eero Grundstr\u00f6min muodostama duo on tehnyt satoja esiintymisi\u00e4 roskasiilosta Ryhm\u00e4teatteriin, Nokian firmabileist\u00e4 harjakaisiin.<\/p>\n<p>Von &amp; Af -kahtue on vakava, puhumaton ja koominen. Siit\u00e4h\u00e4n ihmiset ilahtuvat ja hykertelev\u00e4t. Yleis\u00f6n nauraessa on mahdollista v\u00e4litt\u00e4\u00e4 my\u00f6s vakavampia teemoja.<br \/>\nMusiikki on genrerajoista vapaata: klassista, kansamusiikkia, iskelm\u00e4\u00e4 ja poppia. Instrumentaatio ja sovitus- sek\u00e4 esitystyyli tuovat kaikki genret l\u00e4helle toisiaan. Viimeisimp\u00e4n\u00e4 ty\u00f6n\u00e4 Von &amp; Afilla on musiikki Hiljaiset tunteet -esitykseen, joka sai ensi-iltansa T\u00e4ydenkuun tansseissa 2015 ja jonka ohjasi Reetta-Kaisa Iles.<\/p>\n<p>Taito Hoffr\u00e9n: laulu, tuuba, kitara<br \/>\nEero Grundstr\u00f6m: harmooni, melodika, laulu<\/p>\n","protected":false},"excerpt":{"rendered":"<p>Von &amp; Af \u2013 sama setti jo kaksikymment\u00e4 vuotta! J\u00e4rk\u00e4ht\u00e4m\u00e4tt\u00f6m\u00e4n muukalainen kulttuurikahtue. Kahden miehen v\u00e4h\u00e4puheinen musiikkiorkesteri. Kansainv\u00e4list\u00e4 paikallismusiikkia yhdell\u00e4 iskulla. Viihteellist\u00e4 ja vakavaa. Vieriv\u00e4 kivi alam\u00e4ess\u00e4. Kun Von &amp; Af -yhtyeen ensiesiintymisest\u00e4 Semifinalissa Helsingiss\u00e4 tuli kuluneeksi kaksikymment\u00e4 vuotta vuonna 2017 oli aika julkaista ensilevy nimelt\u00e4\u00e4n Sama setti jo kaksikymment\u00e4 vuotta. Taito Hoffr\u00e9nin ja Eero Grundstr\u00f6min [&hellip;]\n","protected":false},"featured_media":336,"comment_status":"open","ping_status":"closed","template":"","meta":[],"class_list":["post-337","product","type-product","status-publish","has-post-thumbnail","hentry","product_cat-von-af-fi"],"yoast_head":"<!-- This site is optimized with the Yoast SEO plugin v15.3 - https:\/\/yoast.com\/wordpress\/plugins\/seo\/ -->\n<title>Von &amp; Af -Sama setti jo kaksikymment\u00e4 vuotta AANIA-28 - \u00c4\u00e4nia<\/title>\n<meta name=\"robots\" content=\"index, follow, max-snippet:-1, max-image-preview:large, max-video-preview:-1\" \/>\n<link rel=\"canonical\" href=\"http:\/\/aania.fi\/fi\/levyt\/von-af-sama-setti-jo-kaksikymmenta-vuotta-aania-28\/\" \/>\n<meta property=\"og:locale\" content=\"fi_FI\" \/>\n<meta property=\"og:type\" content=\"article\" \/>\n<meta property=\"og:title\" content=\"Von &amp; Af -Sama setti jo kaksikymment\u00e4 vuotta AANIA-28 - \u00c4\u00e4nia\" \/>\n<meta property=\"og:description\" content=\"Von &amp; Af \u2013 sama setti jo kaksikymment\u00e4 vuotta! J\u00e4rk\u00e4ht\u00e4m\u00e4tt\u00f6m\u00e4n muukalainen kulttuurikahtue. Kahden miehen v\u00e4h\u00e4puheinen musiikkiorkesteri. Kansainv\u00e4list\u00e4 paikallismusiikkia yhdell\u00e4 iskulla. Viihteellist\u00e4 ja vakavaa. Vieriv\u00e4 kivi alam\u00e4ess\u00e4. Kun Von &amp; Af -yhtyeen ensiesiintymisest\u00e4 Semifinalissa Helsingiss\u00e4 tuli kuluneeksi kaksikymment\u00e4 vuotta vuonna 2017 oli aika julkaista ensilevy nimelt\u00e4\u00e4n Sama setti jo kaksikymment\u00e4 vuotta. Taito Hoffr\u00e9nin ja Eero Grundstr\u00f6min [&hellip;]\" \/>\n<meta property=\"og:url\" content=\"http:\/\/aania.fi\/fi\/levyt\/von-af-sama-setti-jo-kaksikymmenta-vuotta-aania-28\/\" \/>\n<meta property=\"og:site_name\" content=\"\u00c4\u00e4nia\" \/>\n<meta property=\"article:modified_time\" content=\"2019-02-13T00:30:45+00:00\" \/>\n<meta property=\"og:image\" content=\"http:\/\/aania.fi\/wp-content\/uploads\/2019\/02\/AANIA28.jpg\" \/>\n\t<meta property=\"og:image:width\" content=\"1024\" \/>\n\t<meta property=\"og:image:height\" content=\"905\" \/>\n<meta name=\"twitter:card\" content=\"summary_large_image\" \/>\n<meta name=\"twitter:label1\" content=\"Written by\">\n\t<meta name=\"twitter:data1\" content=\"taito\">\n\t<meta name=\"twitter:label2\" content=\"Est. reading time\">\n\t<meta name=\"twitter:data2\" content=\"1 minuutti\">\n<script type=\"application\/ld+json\" class=\"yoast-schema-graph\">{\"@context\":\"https:\/\/schema.org\",\"@graph\":[{\"@type\":\"Organization\",\"@id\":\"http:\/\/aania.fi\/#organization\",\"name\":\"\\u00c4\\u00e4ni\\u00e4 Records\",\"url\":\"http:\/\/aania.fi\/\",\"sameAs\":[],\"logo\":{\"@type\":\"ImageObject\",\"@id\":\"http:\/\/aania.fi\/#logo\",\"inLanguage\":\"fi\",\"url\":\"http:\/\/aania.fi\/wp-content\/uploads\/2018\/07\/aania_logo.jpg\",\"width\":530,\"height\":155,\"caption\":\"\\u00c4\\u00e4ni\\u00e4 Records\"},\"image\":{\"@id\":\"http:\/\/aania.fi\/#logo\"}},{\"@type\":\"WebSite\",\"@id\":\"http:\/\/aania.fi\/#website\",\"url\":\"http:\/\/aania.fi\/\",\"name\":\"\\u00c4\\u00e4nia\",\"description\":\"\\u00c4\\u00e4ni\\u00e4 Records - Acoustic Music from Finland\",\"publisher\":{\"@id\":\"http:\/\/aania.fi\/#organization\"},\"potentialAction\":[{\"@type\":\"SearchAction\",\"target\":\"http:\/\/aania.fi\/?s={search_term_string}\",\"query-input\":\"required name=search_term_string\"}],\"inLanguage\":\"fi\"},{\"@type\":\"ImageObject\",\"@id\":\"http:\/\/aania.fi\/fi\/levyt\/von-af-sama-setti-jo-kaksikymmenta-vuotta-aania-28\/#primaryimage\",\"inLanguage\":\"fi\",\"url\":\"http:\/\/aania.fi\/wp-content\/uploads\/2019\/02\/AANIA28.jpg\",\"width\":1024,\"height\":905},{\"@type\":\"WebPage\",\"@id\":\"http:\/\/aania.fi\/fi\/levyt\/von-af-sama-setti-jo-kaksikymmenta-vuotta-aania-28\/#webpage\",\"url\":\"http:\/\/aania.fi\/fi\/levyt\/von-af-sama-setti-jo-kaksikymmenta-vuotta-aania-28\/\",\"name\":\"Von & Af -Sama setti jo kaksikymment\\u00e4 vuotta AANIA-28 - \\u00c4\\u00e4nia\",\"isPartOf\":{\"@id\":\"http:\/\/aania.fi\/#website\"},\"primaryImageOfPage\":{\"@id\":\"http:\/\/aania.fi\/fi\/levyt\/von-af-sama-setti-jo-kaksikymmenta-vuotta-aania-28\/#primaryimage\"},\"datePublished\":\"2019-02-13T00:29:06+00:00\",\"dateModified\":\"2019-02-13T00:30:45+00:00\",\"inLanguage\":\"fi\",\"potentialAction\":[{\"@type\":\"ReadAction\",\"target\":[\"http:\/\/aania.fi\/fi\/levyt\/von-af-sama-setti-jo-kaksikymmenta-vuotta-aania-28\/\"]}]}]}<\/script>\n<!-- \/ Yoast SEO plugin. -->","_links":{"self":[{"href":"http:\/\/aania.fi\/fi\/wp-json\/wp\/v2\/product\/337","targetHints":{"allow":["GET"]}}],"collection":[{"href":"http:\/\/aania.fi\/fi\/wp-json\/wp\/v2\/product"}],"about":[{"href":"http:\/\/aania.fi\/fi\/wp-json\/wp\/v2\/types\/product"}],"replies":[{"embeddable":true,"href":"http:\/\/aania.fi\/fi\/wp-json\/wp\/v2\/comments?post=337"}],"wp:featuredmedia":[{"embeddable":true,"href":"http:\/\/aania.fi\/fi\/wp-json\/wp\/v2\/media\/336"}],"wp:attachment":[{"href":"http:\/\/aania.fi\/fi\/wp-json\/wp\/v2\/media?parent=337"}],"curies":[{"name":"wp","href":"https:\/\/api.w.org\/{rel}","templated":true}]}}

Von &#038; Af -Sama setti jo kaksikymmentä vuotta AANIA-28

<p>Von &amp; Af – sama setti jo kaksikymmentä vuotta!</p>
<p>Järkähtämättömän muukalainen kulttuurikahtue. Kahden miehen vähäpuheinen musiikkiorkesteri. Kansainvälistä paikallismusiikkia yhdellä iskulla. Viihteellistä ja vakavaa. Vierivä kivi alamäessä.</p>
<p>Kun Von &amp; Af -yhtyeen ensiesiintymisestä Semifinalissa Helsingissä tuli kuluneeksi kaksikymmentä vuotta vuonna 2017 oli aika julkaista ensilevy nimeltään Sama setti jo kaksikymmentä vuotta. Taito Hoffrénin ja Eero Grundströmin muodostama duo on tehnyt satoja esiintymisiä roskasiilosta Ryhmäteatteriin, Nokian firmabileistä harjakaisiin.</p>
<p>Von &amp; Af -kahtue on vakava, puhumaton ja koominen. Siitähän ihmiset ilahtuvat ja hykertelevät. Yleisön nauraessa on mahdollista välittää myös vakavampia teemoja.<br />
Musiikki on genrerajoista vapaata: klassista, kansamusiikkia, iskelmää ja poppia. Instrumentaatio ja sovitus- sekä esitystyyli tuovat kaikki genret lähelle toisiaan. Viimeisimpänä työnä Von &amp; Afilla on musiikki Hiljaiset tunteet -esitykseen, joka sai ensi-iltansa Täydenkuun tansseissa 2015 ja jonka ohjasi Reetta-Kaisa Iles.</p>
<p>Taito Hoffrén: laulu, tuuba, kitara<br />
Eero Grundström: harmooni, melodika, laulu</p>

<p>Von &amp; Af – sama setti jo kaksikymmentä vuotta! Järkähtämättömän muukalainen kulttuurikahtue. Kahden miehen vähäpuheinen musiikkiorkesteri. Kansainvälistä paikallismusiikkia yhdellä iskulla. Viihteellistä ja vakavaa. Vierivä kivi alamäessä. Kun Von &amp; Af -yhtyeen ensiesiintymisestä Semifinalissa Helsingissä tuli kuluneeksi kaksikymmentä vuotta vuonna 2017 oli aika julkaista ensilevy nimeltään Sama setti jo kaksikymmentä vuotta. Taito Hoffrénin ja Eero Grundströmin [&hellip;]

<!-- This site is optimized with the Yoast SEO plugin v15.3 - https://yoast.com/wordpress/plugins/seo/ -->
<title>Von &amp; Af -Sama setti jo kaksikymmentä vuotta AANIA-28 - Äänia</title>
<meta name="robots" content="index, follow, max-snippet:-1, max-image-preview:large, max-video-preview:-1" />
<link rel="canonical" href="http://aania.fi/fi/levyt/von-af-sama-setti-jo-kaksikymmenta-vuotta-aania-28/" />
<meta property="og:locale" content="fi_FI" />
<meta property="og:type" content="article" />
<meta property="og:title" content="Von &amp; Af -Sama setti jo kaksikymmentä vuotta AANIA-28 - Äänia" />
<meta property="og:description" content="Von &amp; Af – sama setti jo kaksikymmentä vuotta! Järkähtämättömän muukalainen kulttuurikahtue. Kahden miehen vähäpuheinen musiikkiorkesteri. Kansainvälistä paikallismusiikkia yhdellä iskulla. Viihteellistä ja vakavaa. Vierivä kivi alamäessä. Kun Von &amp; Af -yhtyeen ensiesiintymisestä Semifinalissa Helsingissä tuli kuluneeksi kaksikymmentä vuotta vuonna 2017 oli aika julkaista ensilevy nimeltään Sama setti jo kaksikymmentä vuotta. Taito Hoffrénin ja Eero Grundströmin [&hellip;]" />
<meta property="og:url" content="http://aania.fi/fi/levyt/von-af-sama-setti-jo-kaksikymmenta-vuotta-aania-28/" />
<meta property="og:site_name" content="Äänia" />
<meta property="article:modified_time" content="2019-02-13T00:30:45+00:00" />
<meta property="og:image" content="http://aania.fi/wp-content/uploads/2019/02/AANIA28.jpg" />
	<meta property="og:image:width" content="1024" />
	<meta property="og:image:height" content="905" />
<meta name="twitter:card" content="summary_large_image" />
<meta name="twitter:label1" content="Written by">
	<meta name="twitter:data1" content="taito">
	<meta name="twitter:label2" content="Est. reading time">
	<meta name="twitter:data2" content="1 minuutti">
<script type="application/ld+json" class="yoast-schema-graph">{"@context":"https://schema.org","@graph":[{"@type":"Organization","@id":"http://aania.fi/#organization","name":"\u00c4\u00e4ni\u00e4 Records","url":"http://aania.fi/","sameAs":[],"logo":{"@type":"ImageObject","@id":"http://aania.fi/#logo","inLanguage":"fi","url":"http://aania.fi/wp-content/uploads/2018/07/aania_logo.jpg","width":530,"height":155,"caption":"\u00c4\u00e4ni\u00e4 Records"},"image":{"@id":"http://aania.fi/#logo"}},{"@type":"WebSite","@id":"http://aania.fi/#website","url":"http://aania.fi/","name":"\u00c4\u00e4nia","description":"\u00c4\u00e4ni\u00e4 Records - Acoustic Music from Finland","publisher":{"@id":"http://aania.fi/#organization"},"potentialAction":[{"@type":"SearchAction","target":"http://aania.fi/?s={search_term_string}","query-input":"required name=search_term_string"}],"inLanguage":"fi"},{"@type":"ImageObject","@id":"http://aania.fi/fi/levyt/von-af-sama-setti-jo-kaksikymmenta-vuotta-aania-28/#primaryimage","inLanguage":"fi","url":"http://aania.fi/wp-content/uploads/2019/02/AANIA28.jpg","width":1024,"height":905},{"@type":"WebPage","@id":"http://aania.fi/fi/levyt/von-af-sama-setti-jo-kaksikymmenta-vuotta-aania-28/#webpage","url":"http://aania.fi/fi/levyt/von-af-sama-setti-jo-kaksikymmenta-vuotta-aania-28/","name":"Von & Af -Sama setti jo kaksikymment\u00e4 vuotta AANIA-28 - \u00c4\u00e4nia","isPartOf":{"@id":"http://aania.fi/#website"},"primaryImageOfPage":{"@id":"http://aania.fi/fi/levyt/von-af-sama-setti-jo-kaksikymmenta-vuotta-aania-28/#primaryimage"},"datePublished":"2019-02-13T00:29:06+00:00","dateModified":"2019-02-13T00:30:45+00:00","inLanguage":"fi","potentialAction":[{"@type":"ReadAction","target":["http://aania.fi/fi/levyt/von-af-sama-setti-jo-kaksikymmenta-vuotta-aania-28/"]}]}]}</script>
<!-- / Yoast SEO plugin. -->
