{"id":448,"date":"2019-03-20T11:52:37","date_gmt":"2019-03-20T09:52:37","guid":{"rendered":"http:\/\/aania.fi\/records\/tero-pajunen-sydanpuu\/"},"modified":"2019-03-27T08:28:26","modified_gmt":"2019-03-27T06:28:26","slug":"tero-pajunen-sydanpuu","status":"publish","type":"product","link":"http:\/\/aania.fi\/fi\/levyt\/tero-pajunen-sydanpuu\/","title":{"rendered":"Tero Pajunen &#8211; Syd\u00e4npuu AANIA-30"},"content":{"rendered":"<p class=\"lead\" style=\"text-align: left;\"><span style=\"font-size: 85%;\">Tero Pajunen: <\/span><span style=\"font-size: 85%;\">Syd\u00e4npuu<\/span><\/p>\n<p class=\"lead\" style=\"text-align: left;\"><em><span style=\"font-size: 85%;\">Kaikkein onnellisimmalta h\u00e4n vaikutti puuhun kiivetess\u00e4\u00e4n<\/span><\/em><\/p>\n<p class=\"lead\" style=\"text-align: left;\"><span style=\"font-size: 85%;\">Hyv\u00e4 Yst\u00e4v\u00e4,<\/span><\/p>\n<p class=\"lead\" style=\"text-align: left;\"><span style=\"font-size: 85%;\">t\u00e4lle \u00e4\u00e4nitteelle on tallennettu sepitt\u00e4mi\u00e4ni lauluja viimeisten kymmenen vuoden ajalta. Niist\u00e4 varhaisin, Erityislaatuinen mies, on vuodelta 2008, jolloin isois\u00e4ni siirtyi ajasta ikuisuuteen. Nimikkoraita Syd\u00e4npuu puolestaan syntyi vuoden 2018 \u00e4itienp\u00e4iv\u00e4n\u00e4. Tuolla aikav\u00e4lill\u00e4 satuin ja tapahduin paljon \u2013 n\u00e4m\u00e4 laulut ovat eletty\u00e4 el\u00e4m\u00e4\u00e4 ja tarkoitettu Sinun kuultavaksesi.<\/span><\/p>\n<p class=\"lead\" style=\"text-align: left;\"><em><span style=\"font-size: 85%;\">Kukapa se kulkurin tuntoja purkais, <\/span><\/em><br \/>\n<em><span style=\"font-size: 85%;\">jollei kulkuri itte.<\/span><\/em><br \/>\n<em><span style=\"font-size: 85%;\">H\u00e4n v\u00e4sym\u00e4tt\u00e4 maailman \u00e4\u00e4riin taivaltaa<\/span><\/em><br \/>\n<em><span style=\"font-size: 85%;\">ja kerran kuolee sitte.<\/span><\/em><\/p>\n<p class=\"lead\" style=\"text-align: left;\"><span style=\"font-size: 85%;\">1. Sateen varjo 0:37<\/span><br \/>\n<span style=\"font-size: 85%;\">2. Ei se mit\u00e4\u00e4n 3:28<\/span><br \/>\n<span style=\"font-size: 85%;\">3. Peili 2:44<\/span><br \/>\n<span style=\"font-size: 85%;\">4. Mies ja kitara 2:39<\/span><br \/>\n<span style=\"font-size: 85%;\">5. Enkelisiipi 4:07<\/span><br \/>\n<span style=\"font-size: 85%;\">6. Uurnaan 4:31<\/span><br \/>\n<span style=\"font-size: 85%;\">7. Pienen tyt\u00f6n silmiss\u00e4 2:41<\/span><br \/>\n<span style=\"font-size: 85%;\">8. Syd\u00e4npuu 2:30<\/span><br \/>\n<span style=\"font-size: 85%;\">9. Erityislaatuinen mies 1:49<\/span><br \/>\n<span style=\"font-size: 85%;\">10. Taivaan laivat 3:25<\/span><br \/>\n<span style=\"font-size: 85%;\">11. Y\u00f6ll\u00e4 2:47<\/span><br \/>\n<span style=\"font-size: 85%;\">12. Sun rakkautes 3:32<\/span><br \/>\n<span style=\"font-size: 85%;\">13. Kyyhky 3:10<\/span><\/p>\n<p>Tero Pajunen: laulu, kitara, rytmimuna, bongot S\u00e4vellykset, sanoitukset ja sovitukset: Tero Pajunen<br \/>\nTuotanto: Tero Pajunen, Taito Hoffr\u00e9n<br \/>\n\u00c4\u00e4nitys: Sami Kurppa (1, 2, 4\u20138), Taito Hoffr\u00e9n (3, 10\u201313), Tero Pajunen (9)<br \/>\nMiksaus: Sami Kurppa (1, 5, 6, 8), Taito Hoffr\u00e9n (2, 3, 4, 7, 10\u201313), Tero Pajunen (9)<br \/>\nMasterointi: Taito Hoffr\u00e9n \/ \u00c4\u00e4ni\u00e4<br \/>\n\u00c4\u00e4nitetty Helsingiss\u00e4 ja Kanteleella 2018<br \/>\nsek\u00e4 Helsingiss\u00e4 2008Kannet: Juuso Joutsi<br \/>\nLogo: Hermanni Vuorisalo<br \/>\nValokuvat: Hermanni Vuorisalo, Antti Kokkola<br \/>\nIkikiitos: P\u00e4ivi, Taito, Sami, Juuso, Hermanni, Antti, Lea, Esko Elias, Tomas, perhe, yst\u00e4v\u00e4t ja muusat<\/p>\n<p>AANIA-30<br \/>\n\u00a9&amp;\u2117 Kanteleen \u00c4\u00e4ni\u00e4 2019<br \/>\nEAN: 6430024090741<\/p>\n<p class=\"lead\" style=\"text-align: left;\">\n","protected":false},"excerpt":{"rendered":"<p>Tero Pajunen: Syd\u00e4npuu Kaikkein onnellisimmalta h\u00e4n vaikutti puuhun kiivetess\u00e4\u00e4n Hyv\u00e4 Yst\u00e4v\u00e4, t\u00e4lle \u00e4\u00e4nitteelle on tallennettu sepitt\u00e4mi\u00e4ni lauluja viimeisten kymmenen vuoden ajalta. Niist\u00e4 varhaisin, Erityislaatuinen mies, on vuodelta 2008, jolloin isois\u00e4ni siirtyi ajasta ikuisuuteen. Nimikkoraita Syd\u00e4npuu puolestaan syntyi vuoden 2018 \u00e4itienp\u00e4iv\u00e4n\u00e4. Tuolla aikav\u00e4lill\u00e4 satuin ja tapahduin paljon \u2013 n\u00e4m\u00e4 laulut ovat eletty\u00e4 el\u00e4m\u00e4\u00e4 ja tarkoitettu Sinun [&hellip;]\n","protected":false},"featured_media":447,"comment_status":"open","ping_status":"closed","template":"","meta":[],"class_list":["post-448","product","type-product","status-publish","has-post-thumbnail","hentry","product_cat-tero-pajunen"],"yoast_head":"<!-- This site is optimized with the Yoast SEO plugin v15.3 - https:\/\/yoast.com\/wordpress\/plugins\/seo\/ -->\n<title>Tero Pajunen - Syd\u00e4npuu AANIA-30 - \u00c4\u00e4nia<\/title>\n<meta name=\"robots\" content=\"index, follow, max-snippet:-1, max-image-preview:large, max-video-preview:-1\" \/>\n<link rel=\"canonical\" href=\"http:\/\/aania.fi\/fi\/levyt\/tero-pajunen-sydanpuu\/\" \/>\n<meta property=\"og:locale\" content=\"fi_FI\" \/>\n<meta property=\"og:type\" content=\"article\" \/>\n<meta property=\"og:title\" content=\"Tero Pajunen - Syd\u00e4npuu AANIA-30 - \u00c4\u00e4nia\" \/>\n<meta property=\"og:description\" content=\"Tero Pajunen: Syd\u00e4npuu Kaikkein onnellisimmalta h\u00e4n vaikutti puuhun kiivetess\u00e4\u00e4n Hyv\u00e4 Yst\u00e4v\u00e4, t\u00e4lle \u00e4\u00e4nitteelle on tallennettu sepitt\u00e4mi\u00e4ni lauluja viimeisten kymmenen vuoden ajalta. Niist\u00e4 varhaisin, Erityislaatuinen mies, on vuodelta 2008, jolloin isois\u00e4ni siirtyi ajasta ikuisuuteen. Nimikkoraita Syd\u00e4npuu puolestaan syntyi vuoden 2018 \u00e4itienp\u00e4iv\u00e4n\u00e4. Tuolla aikav\u00e4lill\u00e4 satuin ja tapahduin paljon \u2013 n\u00e4m\u00e4 laulut ovat eletty\u00e4 el\u00e4m\u00e4\u00e4 ja tarkoitettu Sinun [&hellip;]\" \/>\n<meta property=\"og:url\" content=\"http:\/\/aania.fi\/fi\/levyt\/tero-pajunen-sydanpuu\/\" \/>\n<meta property=\"og:site_name\" content=\"\u00c4\u00e4nia\" \/>\n<meta property=\"article:modified_time\" content=\"2019-03-27T06:28:26+00:00\" \/>\n<meta property=\"og:image\" content=\"http:\/\/aania.fi\/wp-content\/uploads\/2019\/03\/AANIA30-Kansi-pieni.jpg\" \/>\n\t<meta property=\"og:image:width\" content=\"3000\" \/>\n\t<meta property=\"og:image:height\" content=\"3000\" \/>\n<meta name=\"twitter:card\" content=\"summary_large_image\" \/>\n<meta name=\"twitter:label1\" content=\"Written by\">\n\t<meta name=\"twitter:data1\" content=\"taito\">\n\t<meta name=\"twitter:label2\" content=\"Est. reading time\">\n\t<meta name=\"twitter:data2\" content=\"1 minuutti\">\n<script type=\"application\/ld+json\" class=\"yoast-schema-graph\">{\"@context\":\"https:\/\/schema.org\",\"@graph\":[{\"@type\":\"Organization\",\"@id\":\"http:\/\/aania.fi\/fi\/#organization\",\"name\":\"\\u00c4\\u00e4ni\\u00e4 Records\",\"url\":\"http:\/\/aania.fi\/fi\/\",\"sameAs\":[],\"logo\":{\"@type\":\"ImageObject\",\"@id\":\"http:\/\/aania.fi\/fi\/#logo\",\"inLanguage\":\"fi\",\"url\":\"http:\/\/aania.fi\/wp-content\/uploads\/2018\/07\/aania_logo.jpg\",\"width\":530,\"height\":155,\"caption\":\"\\u00c4\\u00e4ni\\u00e4 Records\"},\"image\":{\"@id\":\"http:\/\/aania.fi\/fi\/#logo\"}},{\"@type\":\"WebSite\",\"@id\":\"http:\/\/aania.fi\/fi\/#website\",\"url\":\"http:\/\/aania.fi\/fi\/\",\"name\":\"\\u00c4\\u00e4nia\",\"description\":\"\\u00c4\\u00e4ni\\u00e4 Records - Acoustic Music from Finland\",\"publisher\":{\"@id\":\"http:\/\/aania.fi\/fi\/#organization\"},\"potentialAction\":[{\"@type\":\"SearchAction\",\"target\":\"http:\/\/aania.fi\/fi\/?s={search_term_string}\",\"query-input\":\"required name=search_term_string\"}],\"inLanguage\":\"fi\"},{\"@type\":\"ImageObject\",\"@id\":\"http:\/\/aania.fi\/fi\/levyt\/tero-pajunen-sydanpuu\/#primaryimage\",\"inLanguage\":\"fi\",\"url\":\"http:\/\/aania.fi\/wp-content\/uploads\/2019\/03\/AANIA30-Kansi-pieni.jpg\",\"width\":3000,\"height\":3000},{\"@type\":\"WebPage\",\"@id\":\"http:\/\/aania.fi\/fi\/levyt\/tero-pajunen-sydanpuu\/#webpage\",\"url\":\"http:\/\/aania.fi\/fi\/levyt\/tero-pajunen-sydanpuu\/\",\"name\":\"Tero Pajunen - Syd\\u00e4npuu AANIA-30 - \\u00c4\\u00e4nia\",\"isPartOf\":{\"@id\":\"http:\/\/aania.fi\/fi\/#website\"},\"primaryImageOfPage\":{\"@id\":\"http:\/\/aania.fi\/fi\/levyt\/tero-pajunen-sydanpuu\/#primaryimage\"},\"datePublished\":\"2019-03-20T09:52:37+00:00\",\"dateModified\":\"2019-03-27T06:28:26+00:00\",\"inLanguage\":\"fi\",\"potentialAction\":[{\"@type\":\"ReadAction\",\"target\":[\"http:\/\/aania.fi\/fi\/levyt\/tero-pajunen-sydanpuu\/\"]}]}]}<\/script>\n<!-- \/ Yoast SEO plugin. -->","_links":{"self":[{"href":"http:\/\/aania.fi\/fi\/wp-json\/wp\/v2\/product\/448","targetHints":{"allow":["GET"]}}],"collection":[{"href":"http:\/\/aania.fi\/fi\/wp-json\/wp\/v2\/product"}],"about":[{"href":"http:\/\/aania.fi\/fi\/wp-json\/wp\/v2\/types\/product"}],"replies":[{"embeddable":true,"href":"http:\/\/aania.fi\/fi\/wp-json\/wp\/v2\/comments?post=448"}],"wp:featuredmedia":[{"embeddable":true,"href":"http:\/\/aania.fi\/fi\/wp-json\/wp\/v2\/media\/447"}],"wp:attachment":[{"href":"http:\/\/aania.fi\/fi\/wp-json\/wp\/v2\/media?parent=448"}],"curies":[{"name":"wp","href":"https:\/\/api.w.org\/{rel}","templated":true}]}}

Tero Pajunen &#8211; Sydänpuu AANIA-30

<p class="lead" style="text-align: left;"><span style="font-size: 85%;">Tero Pajunen: </span><span style="font-size: 85%;">Sydänpuu</span></p>
<p class="lead" style="text-align: left;"><em><span style="font-size: 85%;">Kaikkein onnellisimmalta hän vaikutti puuhun kiivetessään</span></em></p>
<p class="lead" style="text-align: left;"><span style="font-size: 85%;">Hyvä Ystävä,</span></p>
<p class="lead" style="text-align: left;"><span style="font-size: 85%;">tälle äänitteelle on tallennettu sepittämiäni lauluja viimeisten kymmenen vuoden ajalta. Niistä varhaisin, Erityislaatuinen mies, on vuodelta 2008, jolloin isoisäni siirtyi ajasta ikuisuuteen. Nimikkoraita Sydänpuu puolestaan syntyi vuoden 2018 äitienpäivänä. Tuolla aikavälillä satuin ja tapahduin paljon – nämä laulut ovat elettyä elämää ja tarkoitettu Sinun kuultavaksesi.</span></p>
<p class="lead" style="text-align: left;"><em><span style="font-size: 85%;">Kukapa se kulkurin tuntoja purkais, </span></em><br />
<em><span style="font-size: 85%;">jollei kulkuri itte.</span></em><br />
<em><span style="font-size: 85%;">Hän väsymättä maailman ääriin taivaltaa</span></em><br />
<em><span style="font-size: 85%;">ja kerran kuolee sitte.</span></em></p>
<p class="lead" style="text-align: left;"><span style="font-size: 85%;">1. Sateen varjo 0:37</span><br />
<span style="font-size: 85%;">2. Ei se mitään 3:28</span><br />
<span style="font-size: 85%;">3. Peili 2:44</span><br />
<span style="font-size: 85%;">4. Mies ja kitara 2:39</span><br />
<span style="font-size: 85%;">5. Enkelisiipi 4:07</span><br />
<span style="font-size: 85%;">6. Uurnaan 4:31</span><br />
<span style="font-size: 85%;">7. Pienen tytön silmissä 2:41</span><br />
<span style="font-size: 85%;">8. Sydänpuu 2:30</span><br />
<span style="font-size: 85%;">9. Erityislaatuinen mies 1:49</span><br />
<span style="font-size: 85%;">10. Taivaan laivat 3:25</span><br />
<span style="font-size: 85%;">11. Yöllä 2:47</span><br />
<span style="font-size: 85%;">12. Sun rakkautes 3:32</span><br />
<span style="font-size: 85%;">13. Kyyhky 3:10</span></p>
<p>Tero Pajunen: laulu, kitara, rytmimuna, bongot Sävellykset, sanoitukset ja sovitukset: Tero Pajunen<br />
Tuotanto: Tero Pajunen, Taito Hoffrén<br />
Äänitys: Sami Kurppa (1, 2, 4–8), Taito Hoffrén (3, 10–13), Tero Pajunen (9)<br />
Miksaus: Sami Kurppa (1, 5, 6, 8), Taito Hoffrén (2, 3, 4, 7, 10–13), Tero Pajunen (9)<br />
Masterointi: Taito Hoffrén / Ääniä<br />
Äänitetty Helsingissä ja Kanteleella 2018<br />
sekä Helsingissä 2008Kannet: Juuso Joutsi<br />
Logo: Hermanni Vuorisalo<br />
Valokuvat: Hermanni Vuorisalo, Antti Kokkola<br />
Ikikiitos: Päivi, Taito, Sami, Juuso, Hermanni, Antti, Lea, Esko Elias, Tomas, perhe, ystävät ja muusat</p>
<p>AANIA-30<br />
©&amp;℗ Kanteleen Ääniä 2019<br />
EAN: 6430024090741</p>
<p class="lead" style="text-align: left;">

<p>Tero Pajunen: Sydänpuu Kaikkein onnellisimmalta hän vaikutti puuhun kiivetessään Hyvä Ystävä, tälle äänitteelle on tallennettu sepittämiäni lauluja viimeisten kymmenen vuoden ajalta. Niistä varhaisin, Erityislaatuinen mies, on vuodelta 2008, jolloin isoisäni siirtyi ajasta ikuisuuteen. Nimikkoraita Sydänpuu puolestaan syntyi vuoden 2018 äitienpäivänä. Tuolla aikavälillä satuin ja tapahduin paljon – nämä laulut ovat elettyä elämää ja tarkoitettu Sinun [&hellip;]

<!-- This site is optimized with the Yoast SEO plugin v15.3 - https://yoast.com/wordpress/plugins/seo/ -->
<title>Tero Pajunen - Sydänpuu AANIA-30 - Äänia</title>
<meta name="robots" content="index, follow, max-snippet:-1, max-image-preview:large, max-video-preview:-1" />
<link rel="canonical" href="http://aania.fi/fi/levyt/tero-pajunen-sydanpuu/" />
<meta property="og:locale" content="fi_FI" />
<meta property="og:type" content="article" />
<meta property="og:title" content="Tero Pajunen - Sydänpuu AANIA-30 - Äänia" />
<meta property="og:description" content="Tero Pajunen: Sydänpuu Kaikkein onnellisimmalta hän vaikutti puuhun kiivetessään Hyvä Ystävä, tälle äänitteelle on tallennettu sepittämiäni lauluja viimeisten kymmenen vuoden ajalta. Niistä varhaisin, Erityislaatuinen mies, on vuodelta 2008, jolloin isoisäni siirtyi ajasta ikuisuuteen. Nimikkoraita Sydänpuu puolestaan syntyi vuoden 2018 äitienpäivänä. Tuolla aikavälillä satuin ja tapahduin paljon – nämä laulut ovat elettyä elämää ja tarkoitettu Sinun [&hellip;]" />
<meta property="og:url" content="http://aania.fi/fi/levyt/tero-pajunen-sydanpuu/" />
<meta property="og:site_name" content="Äänia" />
<meta property="article:modified_time" content="2019-03-27T06:28:26+00:00" />
<meta property="og:image" content="http://aania.fi/wp-content/uploads/2019/03/AANIA30-Kansi-pieni.jpg" />
	<meta property="og:image:width" content="3000" />
	<meta property="og:image:height" content="3000" />
<meta name="twitter:card" content="summary_large_image" />
<meta name="twitter:label1" content="Written by">
	<meta name="twitter:data1" content="taito">
	<meta name="twitter:label2" content="Est. reading time">
	<meta name="twitter:data2" content="1 minuutti">
<script type="application/ld+json" class="yoast-schema-graph">{"@context":"https://schema.org","@graph":[{"@type":"Organization","@id":"http://aania.fi/fi/#organization","name":"\u00c4\u00e4ni\u00e4 Records","url":"http://aania.fi/fi/","sameAs":[],"logo":{"@type":"ImageObject","@id":"http://aania.fi/fi/#logo","inLanguage":"fi","url":"http://aania.fi/wp-content/uploads/2018/07/aania_logo.jpg","width":530,"height":155,"caption":"\u00c4\u00e4ni\u00e4 Records"},"image":{"@id":"http://aania.fi/fi/#logo"}},{"@type":"WebSite","@id":"http://aania.fi/fi/#website","url":"http://aania.fi/fi/","name":"\u00c4\u00e4nia","description":"\u00c4\u00e4ni\u00e4 Records - Acoustic Music from Finland","publisher":{"@id":"http://aania.fi/fi/#organization"},"potentialAction":[{"@type":"SearchAction","target":"http://aania.fi/fi/?s={search_term_string}","query-input":"required name=search_term_string"}],"inLanguage":"fi"},{"@type":"ImageObject","@id":"http://aania.fi/fi/levyt/tero-pajunen-sydanpuu/#primaryimage","inLanguage":"fi","url":"http://aania.fi/wp-content/uploads/2019/03/AANIA30-Kansi-pieni.jpg","width":3000,"height":3000},{"@type":"WebPage","@id":"http://aania.fi/fi/levyt/tero-pajunen-sydanpuu/#webpage","url":"http://aania.fi/fi/levyt/tero-pajunen-sydanpuu/","name":"Tero Pajunen - Syd\u00e4npuu AANIA-30 - \u00c4\u00e4nia","isPartOf":{"@id":"http://aania.fi/fi/#website"},"primaryImageOfPage":{"@id":"http://aania.fi/fi/levyt/tero-pajunen-sydanpuu/#primaryimage"},"datePublished":"2019-03-20T09:52:37+00:00","dateModified":"2019-03-27T06:28:26+00:00","inLanguage":"fi","potentialAction":[{"@type":"ReadAction","target":["http://aania.fi/fi/levyt/tero-pajunen-sydanpuu/"]}]}]}</script>
<!-- / Yoast SEO plugin. -->
